{"id":49,"date":"2017-10-22T16:11:52","date_gmt":"2017-10-22T14:11:52","guid":{"rendered":"https:\/\/ksp-hagen.de\/?page_id=49"},"modified":"2018-03-31T19:02:34","modified_gmt":"2018-03-31T17:02:34","slug":"impressum","status":"publish","type":"page","link":"https:\/\/ksp-hagen.de\/?page_id=49","title":{"rendered":"Impressum"},"content":{"rendered":"<p><strong>Haftungshinweis<\/strong><br \/>\nRolf Weber<br \/>\nNassaustr. 23<br \/>\n42389 Wuppertal<br \/>\n0202 \/ 28184702<br \/>\n<a href=\"mailto:info@ksp-hagen.de\">info(at)ksp-hagen.de<\/a><\/p>\n<p><strong>Design &amp; Redaktion<\/strong><br \/>\n<a href=\"https:\/\/www.mathiasbeckmann.de\" target=\"_blank\" rel=\"noopener\">Mathias Beckmann<\/a><br \/>\nMichael Kanders<br \/>\nRalf Mellis<br \/>\n<a href=\"mailto:webmaster@ksp-hagen.de\">webmaster(at)ksp-hagen.de<\/a><\/p>\n<p>Theme by\u00a0<a href=\"https:\/\/themezee.com\/themes\/courage\/\" target=\"_blank\" rel=\"noopener\">Courage<\/a><\/p>\n<p>Trotz sorgf\u00e4ltiger inhaltlicher Kontrolle \u00dcbernehmen wir keine Haftung f\u00fcr die Inhalte externer Links. F\u00fcr den Inhalt der verlinkten Seiten sind ausschlie\u00dflich deren Betreiber verantwortlich.<br \/>\nDatenschutz<\/p>\n<p>Die K\u00f6nigspringer Hagen-Wetter respektieren Ihre Privatsp\u00e4re!<\/p>\n<p>Wir nehmen den Schutz Ihrer pers\u00f6nlichen Daten sehr ernst und halten uns strikt an die Regeln der Datenschutzgesetze.<\/p>\n<p>KSP Hagen-Wetter unternimmt alle angemessenen Sicherheitsvorkehrungen, die Webseiten der KSP Hagen-Wetter und ihre Informationen gegen vorhersehbare Risiken zu sch\u00fctzen! Zu Ihrer Information enth\u00e4lt unsere Webseite Links zu anderen Websites. F\u00fcr den Inhalt und die Datenschutzpraktiken dieser Seiten \u00fcbernehmen wir keine Verantwortung.<\/p>\n<p>Personenbezogene Daten werden auf dieser Webseite nur im technisch notwendigen Umfang erhoben. In einigen F\u00e4llen (Kontaktformular) werden Sie aufgefordert, uns Informationen wie Name, email-Adresse oder Telefonnummer anzuvertrauen.<br \/>\nDiese Angaben werden nur intern und rein zweckgebunden verwendet.<br \/>\nIn keinem Fall werden die erhobenen Daten verkauft oder an Dritte weitergegeben.<br \/>\nIhre Einwilligung zur Speicherung der Daten k\u00f6nnen Sie jederzeit widerrufen.<\/p>\n<p>Ihr Vertrauen ist uns wichtig! Jede \u00c4nderung bez\u00fcglich unserer Datenschutzerkl\u00e4rung werden wir unverz\u00fcglich auf dieser Seite mitteilen. Sollten Sie weitere Fragen bez\u00fcglich der Verarbeitung Ihrer personenbezogenen Daten haben, wenden Sie sich bitte jederzeit an <a href=\"mailto:info@ksp-hagen.de\">info(at)ksp-hagen.de<\/a><\/p>\n","protected":false},"excerpt":{"rendered":"<p>Haftungshinweis Rolf Weber Nassaustr. 23 42389 Wuppertal 0202 \/ 28184702 info(at)ksp-hagen.de Design &amp; Redaktion Mathias Beckmann Michael Kanders Ralf Mellis webmaster(at)ksp-hagen.de Theme by\u00a0Courage Trotz sorgf\u00e4ltiger inhaltlicher Kontrolle \u00dcbernehmen wir keine Haftung f\u00fcr die Inhalte externer Links. F\u00fcr den Inhalt der verlinkten Seiten sind ausschlie\u00dflich deren Betreiber verantwortlich. Datenschutz Die K\u00f6nigspringer Hagen-Wetter respektieren Ihre Privatsp\u00e4re! Wir nehmen den Schutz Ihrer pers\u00f6nlichen<\/p>\n","protected":false},"author":1,"featured_media":0,"parent":0,"menu_order":0,"comment_status":"closed","ping_status":"closed","template":"","meta":{"footnotes":"","_links_to":"","_links_to_target":""},"class_list":["post-49","page","type-page","status-publish","hentry"],"_links":{"self":[{"href":"https:\/\/ksp-hagen.de\/index.php?rest_route=\/wp\/v2\/pages\/49","targetHints":{"allow":["GET"]}}],"collection":[{"href":"https:\/\/ksp-hagen.de\/index.php?rest_route=\/wp\/v2\/pages"}],"about":[{"href":"https:\/\/ksp-hagen.de\/index.php?rest_route=\/wp\/v2\/types\/page"}],"author":[{"embeddable":true,"href":"https:\/\/ksp-hagen.de\/index.php?rest_route=\/wp\/v2\/users\/1"}],"replies":[{"embeddable":true,"href":"https:\/\/ksp-hagen.de\/index.php?rest_route=%2Fwp%2Fv2%2Fcomments&post=49"}],"version-history":[{"count":11,"href":"https:\/\/ksp-hagen.de\/index.php?rest_route=\/wp\/v2\/pages\/49\/revisions"}],"predecessor-version":[{"id":582,"href":"https:\/\/ksp-hagen.de\/index.php?rest_route=\/wp\/v2\/pages\/49\/revisions\/582"}],"wp:attachment":[{"href":"https:\/\/ksp-hagen.de\/index.php?rest_route=%2Fwp%2Fv2%2Fmedia&parent=49"}],"curies":[{"name":"wp","href":"https:\/\/api.w.org\/{rel}","templated":true}]}}